. Calculate the remainder when p is divided by v.
15
Suppose -7*m + 85 = -2*m. What is the remainder when 33 is divided by m?
16
Suppose 2*p + 12 - 4 = 4*f, -p - 10 = -5*f. Suppose -5*d = -2*h + 18, -d + p*d - 5*h = -18. What is the remainder when 5 is divided by d/6 + 10/3?
2
Let b be (-498)/4*(-4)/6. Let q = -47 + b. What is the remainder when q is divided by 19?
17
Let j = 10 - -48. Suppose 5*z - j = 97. Suppose 0 = -4*o - 1 + 45. Calculate the remainder when z is divided by o.
9
Let n = -4 + 9. Suppose -20 = -5*s + 5*w, 4*s + 2*w - 7 - 27 = 0. What is the remainder when 8 is divided by 1*n - 14/s?
2
Suppose 0 = 2*s - 48 + 18. Let b(m) = -5*m + 4*m**3 - 5*m**3 - 8 - 4*m - 10*m**2 - 4*m. Calculate the remainder when b(-9) is divided by s.
13
Let o(x) = -7*x - 52. Suppose -2*w + 26 = 4*a, 3*w - 31 = -2*a + 4*a. Calculate the remainder when w is divided by o(-8).
3
Suppose 7 = 5*j - 3. Let t = -45 - -103. Suppose -j*d = 3*i - 38, i + 3*i = d + t. Calculate the remainder when 39 is divided by i.
11
Suppose -5*k + 95 = 5*n, -2*k + n + 43 = -1. What is the remainder when 40 is divided by k?
19
What is the remainder when 14 is divided by 3/(-3)*6*1/(-2)?
2
Let i be 335 + -6*3/6. Suppose -5*y = 2*g - 182, 4*g - 2*y - i = -4*y. What is the remainder when g is divided by 21?
18
Suppose -28 = 13*i - 17*i. Calculate the remainder when 11 is divided by i.
4
Let m(v) = 2*v - 9. Let g be 4/14 - (-999)/7. Let a = g + -100. What is the remainder when a is divided by m(12)?
13
Let h = 3 + -5. Calculate the remainder when 18 is divided by 0 - -2*(h + 7).
8
Let q(n) = n. Let f be q(2). Let m be f - (4 + -2 + -65). Suppose 7*k - m = 2*k. What is the remainder when 24 is divided by k?
11
Suppose -62 + 5 = -3*u. Suppose -2*g = 2*g - 220. Calculate the remainder when g is divided by u.
17
Suppose 4*z = 190 + 118. What is the remainder when z is divided by 26?
25
Suppose 15 + 0 = -5*f, 647 = 5*q + f. Suppose 2*h = h - 6. What is the remainder when 4/h - q/(-6) is divided by 6?
3
Suppose -86 = h - 93. Let x(i) = -2*i - 6. Let a be x(-5). Suppose 0 = -2*p + p + a. Calculate the remainder when h is divided by p.
3
Suppose 5*n - 2*r = 20, 0 = -r + 3 + 2. Let q = 14 + -11. Suppose -d + 7 = q*l, -2*l = -4*d - d + 18. Calculate the remainder when n is divided by d.
2
Let i = -4 + 5. Let v(k) = -3*k - i - 1 + 5. What is the remainder when v(-5) is divided by 10?
8
Suppose -2*x - 28 = -110. Let j = 51 - 36. What is the remainder when x is divided by j?
11
Let k be 834/(-10) - (-12)/(-20). Let m = -34 - k. What is the remainder when m is divided by 17?
16
Let r = 7 - 19. Let h = -7 - r. Let a = 41 - 33. Calculate the remainder when a is divided by h.
3
Suppose 3*k + 5*a + 0*a = 416, -5*k - 4*a = -715. Suppose -3*y - 5*z + k = y, -5*z = -y + 68. What is the remainder when y is divided by 15?
13
Let b(l) = l**2 + l + 58. What is the remainder when b(0) is divided by -3*((-160)/(-6))/(-4)?
18
Let u = 2 + -3. Let v be 1/(1*1/(-2)). What is the remainder when (0 - u)/(v/(-76)) is divided by 13?
12
What is the remainder when 4 - (-12)/(3 - 7) is divided by 1?
0
Let r(f) = f**3 - 8*f**2 + 6*f + 21. What is the remainder when r(8) is divided by 15?
9
Let j(g) = 3*g**2 - 5*g + 1. What is the remainder when 28 is divided by j(2)?
1
Suppose 2*t = -t + 6. Suppose v + 6 = t*v. Calculate the remainder when (264/36)/(4/6) is divided by v.
5
Suppose 0 = 3*b - 8*b - 125. Let x(a) = -47*a - 1. Let v be x(1). Let r = b - v. What is the remainder when r is divided by 8?
7
Suppose -4*q = -3*q + 10. Let d be 2/q - 72/(-10). What is the remainder when -3 + 7/(d/12) is divided by 5?
4
What is the remainder when (-1)/((-12)/(-44))*-6 is divided by ((-6)/5)/(1/(-10))?
10
Let n(x) = x**2 + 8*x - 7. What is the remainder when n(9) is divided by 21?
20
Let l = 5 + -1. Suppose -l*m = -m - 4*s - 97, -5*s = 5*m - 150. Suppose -m = -3*u - 2*h + h, 12 = u + 2*h. Calculate the remainder when 29 is divided by u.
9
Let k = 6 - -135. What is the remainder when k is divided by 36?
33
Calculate the remainder when (-6 - 66/(-10))/(1/115) is divided by 24.
21
Suppose -5*s = -s - 3*l - 229, 0 = -l + 1. What is the remainder when s is divided by 15?
13
Let d = -15 + 50. Calculate the remainder when d is divided by 9.
8
Let r be (3/9)/((-1)/3). Let n = 3 + r. What is the remainder when 2 is divided by n?
0
Let t = -220 - -322. What is the remainder when t is divided by 15?
12
Let m = -97 + 112. What is the remainder when m is divided by 11?
4
Let m be (-10)/2*8/(-20). Let n = -4 + 9. Calculate the remainder when m/(-14) + 1680/98 is divided by n.
2
Let m be ((-5)/4)/((-3)/132). Suppose -o + 3*d - 21 = -2*o, 3*o - m = -5*d. Let c = 74 + -31. What is the remainder when c is divided by o?
13
Let b(y) = y + 3. Let t be b(-4). Let h(u) = -7*u**3 - 2*u - 1. What is the remainder when 15 is divided by h(t)?
7
Let z(k) = -k**3 + 5*k**2 + k. Let c be z(5). Suppose c*f + 18 = 4*m, 0*m + 14 = 2*m - 5*f. Calculate the remainder when m is divided by 2.
0
Let y = 53 - 2. Calculate the remainder when y is divided by 11.
7
Let r be 3*(-3)/(3 + (-60)/16). Suppose -4*k + 0*i + 44 = -2*i, -2*k - 3*i = -22. Suppose -k - r = -q. What is the remainder when q is divided by 8?
7
Let a(w) = -8*w + 7. Calculate the remainder when a(-8) is divided by 18.
17
Let l = -6 + 8. Suppose -l*x + 3 = x. What is the remainder when (-2 - -2 - -1) + 2 is divided by x?
0
Let u(o) = -o - 3. Let l be u(-7). Suppose 90 = a + l*a. What is the remainder when 35 is divided by a?
17
Let s = 12 + -20. Let c(y) = y**2 + 7*y + 2. Let f be c(-7). What is the remainder when f/s + (-596)/(-16) is divided by 19?
18
Suppose -2 = -2*c - 4*a, 4*c - 4*a = -9*a + 7. Let f = c + 4. What is the remainder when 18 is divided by f?
4
Let d = 92 - 61. Calculate the remainder when d is divided by 11.
9
Let r = -51 + 77. Let u = 4 + 10. What is the remainder when r is divided by u?
12
Let r be 374*((-7)/2)/(-7). Let u = r - 118. Calculate the remainder when u is divided by 18.
15
What is the remainder when 20 is divided by (-1 - 1/(-2))/(5/(-60))?
2
Suppose -4*n - n + 40 = 0. Suppose -3*c = -n - 4. Calculate the remainder when 4 is divided by 1 + (-2)/c*-2.
0
Calculate the remainder when 21 is divided by (-1 + -4)*((-32)/10 - -2).
3
Let u(l) = -l + 13. Let t be u(12). Let c = t + 11. What is the remainder when 2/10 + (-228)/(-10) is divided by c?
11
Suppose 5*z = -0*z. Suppose -3*v + z*v = -3*p + 90, -4*v = 5*p - 186. Calculate the remainder when p is divided by 12.
10
Let k(a) = a**2 - 5*a + 4. Let h be k(5). Suppose -3*y - 5*p - 20 = -2*y, -2*y - h*p = 10. Let w = 17 - 10. Calculate the remainder when w is divided by y.
2
Suppose -8 = -5*g + 27. Let p = g + 8. What is the remainder when p is divided by 8?
7
Let k = -18 - -12. Let l be (-1)/(-2) - 15/k. Suppose -l*a - 2*a + 25 = 5*y, -14 = -y - 4*a. What is the remainder when 4 is divided by y?
0
Let t(u) = -2 - 13*u + 10*u**2 - 14*u**2 + 1 + 6*u**2. Suppose -4*o - 14 = -2*m, 0*o - 4 = -o. Calculate the remainder when t(9) is divided by m.
14
Let p(l) = -l**3 + 11*l**2 - 11*l + 12. What is the remainder when p(5) is divided by 27?
26
Let y(k) = k**2 - 14*k - 16. What is the remainder when 124 is divided by y(16)?
12
Suppose -5*b + 395 = 2*q, 3*b + 3*q = 229 + 17. Suppose 7*m = 8*m - b. What is the remainder when m is divided by 26?
25
Suppose 0 = -4*k - 12, -2*y = -5*y - 5*k + 33. What is the remainder when 61 is divided by y?
13
Suppose 4*u = -20, x - 18 = u - 0*u. Calculate the remainder when 50 is divided by x.
11
Suppose -24 = -5*t + 1. Suppose -4*h - 29 = 3*m + 2*m, -h - 26 = -t*m. Let o = h + 18. What is the remainder when 12 is divided by o?
5
Let m(n) = 3*n**3 - 2*n**2 + 1. Let r be m(1). Suppose -4*g = 3*x + 7, -2*g - 2*x = -6*g - 2. What is the remainder when 24 is divided by (-11 - (r - 0))*g?
11
Let a(b) = -b + 21. Calculate the remainder when a(4) is divided by 4.
1
Suppose 55 + 60 = 5*a. Suppose l - a = 4. What is the remainder when l is divided by 10?
7
Suppose -2*f - 2 + 14 = 0. Suppose 3*o - 12 = 0, -u + 41 = -o + f*o. What is the remainder when 41 is divided by u?
20
Let w(q) = q**3 - 12*q**2 - 8*q. Suppose -39 = -m - 2*m. Let n be w(m). Let o = n - 20. What is the remainder when o is divided by 16?
13
Calculat